{"id":7,"date":"2025-10-21T04:29:02","date_gmt":"2025-10-21T02:29:02","guid":{"rendered":"http:\/\/queeslatropa.cl\/?page_id=7"},"modified":"2025-11-27T22:06:58","modified_gmt":"2025-11-27T21:06:58","slug":"inicio","status":"publish","type":"page","link":"https:\/\/queeslatropa.cl\/","title":{"rendered":"Inicio"},"content":{"rendered":"\n<div class=\"wp-block-cover alignfull is-light\" style=\"min-height:720px;aspect-ratio:unset;\"><span aria-hidden=\"true\" class=\"wp-block-cover__background has-background-dim-100 has-background-dim\" style=\"background-color:#d8dba5\"><\/span><div class=\"wp-block-cover__inner-container is-layout-flow wp-block-cover-is-layout-flow\">\n<div class=\"wp-block-group alignwide is-layout-constrained wp-block-group-is-layout-constrained\">\n<div class=\"wp-block-media-text alignwide has-media-on-the-right is-stacked-on-mobile is-vertically-aligned-center\" style=\"grid-template-columns:auto 43%\"><div class=\"wp-block-media-text__content\">\n<h1 class=\"wp-block-heading has-text-align-left has-text-color\" style=\"color:#dc6630\">\u00bfQu\u00e9 es la tropa?<\/h1>\n\n\n\n<p class=\"has-white-color has-text-color has-vivid-red-color has-link-color wp-elements-cbe3135f9f6779a57560689fce7f9fec\">El libro sobre la tropa c\u00f3smica hecho por troperos.<\/p>\n<\/div><figure class=\"wp-block-media-text__media\"><img loading=\"lazy\" decoding=\"async\" width=\"1536\" height=\"1024\" src=\"http:\/\/queeslatropa.cl\/wp-content\/uploads\/2025\/11\/ChatGPT-Image-20-nov-2025-14_19_38.png\" alt=\"\" class=\"wp-image-29 size-full\" srcset=\"https:\/\/queeslatropa.cl\/wp-content\/uploads\/2025\/11\/ChatGPT-Image-20-nov-2025-14_19_38.png 1536w, https:\/\/queeslatropa.cl\/wp-content\/uploads\/2025\/11\/ChatGPT-Image-20-nov-2025-14_19_38-300x200.png 300w\" sizes=\"auto, (max-width: 1536px) 100vw, 1536px\" \/><\/figure><\/div>\n<\/div>\n<\/div><\/div>\n\n\n\n<h2 class=\"wp-block-heading\">\u00bfQu\u00e9 es la tropa? Recursos en Internet<\/h2>\n\n\n\n<div class=\"wp-block-columns is-layout-flex wp-container-core-columns-is-layout-28f84493 wp-block-columns-is-layout-flex\">\n<div class=\"wp-block-column is-layout-flow wp-block-column-is-layout-flow\">\n<figure class=\"wp-block-image size-full\"><a href=\"https:\/\/chatgpt.com\/g\/g-MzH7fydBw-el-vigia-cosmico-ia\"><img loading=\"lazy\" decoding=\"async\" width=\"768\" height=\"768\" src=\"http:\/\/queeslatropa.cl\/wp-content\/uploads\/2025\/11\/image.png\" alt=\"\" class=\"wp-image-61\" srcset=\"https:\/\/queeslatropa.cl\/wp-content\/uploads\/2025\/11\/image.png 768w, https:\/\/queeslatropa.cl\/wp-content\/uploads\/2025\/11\/image-300x300.png 300w, https:\/\/queeslatropa.cl\/wp-content\/uploads\/2025\/11\/image-150x150.png 150w\" sizes=\"auto, (max-width: 768px) 100vw, 768px\" \/><\/a><\/figure>\n<\/div>\n\n\n\n<div class=\"wp-block-column is-layout-flow wp-block-column-is-layout-flow\">\n<p>El v\u00edg\u00eda C\u00f3smico: La IA de la tropa.<br><br>Es un tropero virtual, al que puedes hacerle preguntas sobre la tropa, sus integrantes, Silvio y temas en general. <\/p>\n<\/div>\n<\/div>\n\n\n\n<div class=\"wp-block-columns is-layout-flex wp-container-core-columns-is-layout-28f84493 wp-block-columns-is-layout-flex\">\n<div class=\"wp-block-column is-layout-flow wp-block-column-is-layout-flow\">\n<figure class=\"wp-block-image size-full\"><a href=\"https:\/\/www.facebook.com\/groups\/680212944902009\"><img loading=\"lazy\" decoding=\"async\" width=\"500\" height=\"500\" src=\"http:\/\/queeslatropa.cl\/wp-content\/uploads\/2025\/11\/image-1.png\" alt=\"\" class=\"wp-image-62\" srcset=\"https:\/\/queeslatropa.cl\/wp-content\/uploads\/2025\/11\/image-1.png 500w, https:\/\/queeslatropa.cl\/wp-content\/uploads\/2025\/11\/image-1-300x300.png 300w, https:\/\/queeslatropa.cl\/wp-content\/uploads\/2025\/11\/image-1-150x150.png 150w\" sizes=\"auto, (max-width: 500px) 100vw, 500px\" \/><\/a><\/figure>\n<\/div>\n\n\n\n<div class=\"wp-block-column is-layout-flow wp-block-column-is-layout-flow\">\n<p>Grupo de Facebook.<\/p>\n\n\n\n<p> <br>El facebook de qu\u00e9 es la tropa es para hacer comentarios y generar una comunidad en torno al libro.<\/p>\n<\/div>\n<\/div>\n\n\n\n<div class=\"wp-block-group alignfull is-layout-constrained wp-container-core-group-is-layout-45b0ac4f wp-block-group-is-layout-constrained\" id=\"services\" style=\"padding-top:144px;padding-bottom:0px\">\n<h2 class=\"wp-block-heading\">Creadores<\/h2>\n\n\n\n<div class=\"wp-block-columns is-layout-flex wp-container-core-columns-is-layout-60cbf9bb wp-block-columns-is-layout-flex\" style=\"margin-top:50px\">\n<div class=\"wp-block-column is-layout-flow wp-container-core-column-is-layout-6b73ce23 wp-block-column-is-layout-flow\">\n<figure class=\"wp-block-image size-full is-resized\"><img loading=\"lazy\" decoding=\"async\" width=\"391\" height=\"448\" src=\"https:\/\/queeslatropa.cl\/wp-content\/uploads\/2025\/11\/Screenshot_20251120_213859.png\" alt=\"\" class=\"wp-image-42\" style=\"object-fit:contain;width:510px;height:600px\" srcset=\"https:\/\/queeslatropa.cl\/wp-content\/uploads\/2025\/11\/Screenshot_20251120_213859.png 391w, https:\/\/queeslatropa.cl\/wp-content\/uploads\/2025\/11\/Screenshot_20251120_213859-262x300.png 262w\" sizes=\"auto, (max-width: 391px) 100vw, 391px\" \/><\/figure>\n\n\n\n<h3 class=\"wp-block-heading\" style=\"margin-top:16px\">Myriam Garc\u00eda<\/h3>\n\n\n\n<p><\/p>\n<\/div>\n\n\n\n<div class=\"wp-block-column is-layout-flow wp-container-core-column-is-layout-6b73ce23 wp-block-column-is-layout-flow\">\n<figure class=\"wp-block-image size-full is-resized\"><img loading=\"lazy\" decoding=\"async\" width=\"510\" height=\"600\" src=\"https:\/\/queeslatropa.cl\/wp-content\/uploads\/2025\/11\/Screenshot_20251120_213657.png\" alt=\"\" class=\"wp-image-40\" style=\"object-fit:contain;width:510px;height:600px\" srcset=\"https:\/\/queeslatropa.cl\/wp-content\/uploads\/2025\/11\/Screenshot_20251120_213657.png 510w, https:\/\/queeslatropa.cl\/wp-content\/uploads\/2025\/11\/Screenshot_20251120_213657-255x300.png 255w\" sizes=\"auto, (max-width: 510px) 100vw, 510px\" \/><\/figure>\n\n\n\n<h3 class=\"wp-block-heading\" style=\"margin-top:16px\">Homero Mu\u00f1oz<\/h3>\n\n\n\n<p><\/p>\n<\/div>\n\n\n\n<div class=\"wp-block-column is-layout-flow wp-container-core-column-is-layout-6b73ce23 wp-block-column-is-layout-flow\">\n<figure class=\"wp-block-image size-full is-resized\"><img loading=\"lazy\" decoding=\"async\" width=\"773\" height=\"871\" src=\"https:\/\/queeslatropa.cl\/wp-content\/uploads\/2025\/11\/Screenshot_20251120_215631.png\" alt=\"\" class=\"wp-image-52\" style=\"object-fit:contain;width:510px;height:600px\" srcset=\"https:\/\/queeslatropa.cl\/wp-content\/uploads\/2025\/11\/Screenshot_20251120_215631.png 773w, https:\/\/queeslatropa.cl\/wp-content\/uploads\/2025\/11\/Screenshot_20251120_215631-266x300.png 266w, https:\/\/queeslatropa.cl\/wp-content\/uploads\/2025\/11\/Screenshot_20251120_215631-768x865.png 768w\" sizes=\"auto, (max-width: 773px) 100vw, 773px\" \/><\/figure>\n\n\n\n<h3 class=\"wp-block-heading\" style=\"margin-top:16px\">V\u00edctor Allan<\/h3>\n\n\n\n<p><\/p>\n<\/div>\n<\/div>\n<\/div>\n\n\n\n<div class=\"wp-block-group alignfull is-layout-constrained wp-container-core-group-is-layout-45b0ac4f wp-block-group-is-layout-constrained\" id=\"services\" style=\"padding-top:144px;padding-bottom:0px\">\n<h2 class=\"wp-block-heading\">Apoyo adicional<\/h2>\n\n\n\n<div class=\"wp-block-columns is-layout-flex wp-container-core-columns-is-layout-60cbf9bb wp-block-columns-is-layout-flex\" style=\"margin-top:50px\">\n<div class=\"wp-block-column is-layout-flow wp-container-core-column-is-layout-6b73ce23 wp-block-column-is-layout-flow\">\n<p><\/p>\n<\/div>\n\n\n\n<div class=\"wp-block-column is-layout-flow wp-container-core-column-is-layout-6b73ce23 wp-block-column-is-layout-flow\">\n<figure class=\"wp-block-image size-full is-resized\"><img loading=\"lazy\" decoding=\"async\" width=\"424\" height=\"599\" src=\"https:\/\/queeslatropa.cl\/wp-content\/uploads\/2025\/11\/Screenshot_20251120_214452.png\" alt=\"\" class=\"wp-image-44\" style=\"object-fit:contain;width:510px;height:600px\" srcset=\"https:\/\/queeslatropa.cl\/wp-content\/uploads\/2025\/11\/Screenshot_20251120_214452.png 424w, https:\/\/queeslatropa.cl\/wp-content\/uploads\/2025\/11\/Screenshot_20251120_214452-212x300.png 212w\" sizes=\"auto, (max-width: 424px) 100vw, 424px\" \/><\/figure>\n\n\n\n<h3 class=\"wp-block-heading\" style=\"margin-top:16px\">Vicente Garzo<\/h3>\n\n\n\n<p><\/p>\n<\/div>\n\n\n\n<div class=\"wp-block-column is-layout-flow wp-container-core-column-is-layout-6b73ce23 wp-block-column-is-layout-flow\">\n<figure class=\"wp-block-image size-full is-resized\"><img decoding=\"async\" src=\"http:\/\/queeslatropa.cl\/wp-content\/themes\/astra\/inc\/assets\/images\/starter-content\/graphic.jpg\" alt=\"\" class=\"wp-image-232\" style=\"object-fit:contain;width:510px;height:600px\"\/><\/figure>\n\n\n\n<h3 class=\"wp-block-heading\" style=\"margin-top:16px\">V\u00edctor Pizarro<\/h3>\n\n\n\n<p><\/p>\n<\/div>\n\n\n\n<div class=\"wp-block-column is-layout-flow wp-container-core-column-is-layout-6b73ce23 wp-block-column-is-layout-flow\">\n<h3 class=\"wp-block-heading\" style=\"margin-top:16px\"><\/h3>\n<\/div>\n<\/div>\n<\/div>\n\n\n\n<p><\/p>\n","protected":false},"excerpt":{"rendered":"<p>\u00bfQu\u00e9 es la tropa? Recursos en Internet El v\u00edg\u00eda C\u00f3smico: La IA de la tropa. Es un tropero virtual, al [&hellip;]<\/p>\n","protected":false},"author":1,"featured_media":0,"parent":0,"menu_order":0,"comment_status":"closed","ping_status":"closed","template":"","meta":{"site-sidebar-layout":"no-sidebar","site-content-layout":"plain-container","ast-site-content-layout":"default","site-content-style":"default","site-sidebar-style":"default","ast-global-header-display":"","ast-banner-title-visibility":"","ast-main-header-display":"","ast-hfb-above-header-display":"","ast-hfb-below-header-display":"","ast-hfb-mobile-header-display":"","site-post-title":"disabled","ast-breadcrumbs-content":"","ast-featured-img":"","footer-sml-layout":"","theme-transparent-header-meta":"enabled","adv-header-id-meta":"","stick-header-meta":"","header-above-stick-meta":"","header-main-stick-meta":"","header-below-stick-meta":"","astra-migrate-meta-layouts":"default","ast-page-background-enabled":"default","ast-page-background-meta":{"desktop":{"background-color":"var(--ast-global-color-5)","background-image":"","background-repeat":"repeat","background-position":"center center","background-size":"auto","background-attachment":"scroll","background-type":"","background-media":"","overlay-type":"","overlay-color":"","overlay-opacity":"","overlay-gradient":""},"tablet":{"background-color":"","background-image":"","background-repeat":"repeat","background-position":"center center","background-size":"auto","background-attachment":"scroll","background-type":"","background-media":"","overlay-type":"","overlay-color":"","overlay-opacity":"","overlay-gradient":""},"mobile":{"background-color":"","background-image":"","background-repeat":"repeat","background-position":"center center","background-size":"auto","background-attachment":"scroll","background-type":"","background-media":"","overlay-type":"","overlay-color":"","overlay-opacity":"","overlay-gradient":""}},"ast-content-background-meta":{"desktop":{"background-color":"var(--ast-global-color-4)","background-image":"","background-repeat":"repeat","background-position":"center center","background-size":"auto","background-attachment":"scroll","background-type":"","background-media":"","overlay-type":"","overlay-color":"","overlay-opacity":"","overlay-gradient":""},"tablet":{"background-color":"var(--ast-global-color-4)","background-image":"","background-repeat":"repeat","background-position":"center center","background-size":"auto","background-attachment":"scroll","background-type":"","background-media":"","overlay-type":"","overlay-color":"","overlay-opacity":"","overlay-gradient":""},"mobile":{"background-color":"var(--ast-global-color-4)","background-image":"","background-repeat":"repeat","background-position":"center center","background-size":"auto","background-attachment":"scroll","background-type":"","background-media":"","overlay-type":"","overlay-color":"","overlay-opacity":"","overlay-gradient":""}},"footnotes":""},"class_list":["post-7","page","type-page","status-publish","hentry"],"_links":{"self":[{"href":"https:\/\/queeslatropa.cl\/index.php?rest_route=\/wp\/v2\/pages\/7","targetHints":{"allow":["GET"]}}],"collection":[{"href":"https:\/\/queeslatropa.cl\/index.php?rest_route=\/wp\/v2\/pages"}],"about":[{"href":"https:\/\/queeslatropa.cl\/index.php?rest_route=\/wp\/v2\/types\/page"}],"author":[{"embeddable":true,"href":"https:\/\/queeslatropa.cl\/index.php?rest_route=\/wp\/v2\/users\/1"}],"replies":[{"embeddable":true,"href":"https:\/\/queeslatropa.cl\/index.php?rest_route=%2Fwp%2Fv2%2Fcomments&post=7"}],"version-history":[{"count":24,"href":"https:\/\/queeslatropa.cl\/index.php?rest_route=\/wp\/v2\/pages\/7\/revisions"}],"predecessor-version":[{"id":72,"href":"https:\/\/queeslatropa.cl\/index.php?rest_route=\/wp\/v2\/pages\/7\/revisions\/72"}],"wp:attachment":[{"href":"https:\/\/queeslatropa.cl\/index.php?rest_route=%2Fwp%2Fv2%2Fmedia&parent=7"}],"curies":[{"name":"wp","href":"https:\/\/api.w.org\/{rel}","templated":true}]}}